the ten thousands digit of 32494?
3
What is the thousands digit of 10546?
0
What is the thousands digit of 7208?
7
What is the hundreds digit of 114471?
4
What is the thousands digit of 7128?
7
What is the units digit of 307?
7
What is the tens digit of 2533?
3
What is the tens digit of 408?
0
What is the ten thousands digit of 20896?
2
What is the thousands digit of 15034?
5
What is the thousands digit of 1891?
1
What is the units digit of 3148?
8
What is the thousands digit of 181119?
1
What is the ten thousands digit of 80227?
8
What is the hundreds digit of 251?
2
What is the thousands digit of 34645?
4
What is the tens digit of 11582?
8
What is the tens digit of 5943?
4
What is the thousands digit of 2237?
2
What is the units digit of 8690?
0
What is the hundreds digit of 2210?
2
What is the hundreds digit of 113212?
2
What is the units digit of 2213?
3
What is the units digit of 137?
7
What is the units digit of 11672?
2
What is the units digit of 4663?
3
What is the ten thousands digit of 69208?
6
What is the units digit of 57006?
6
What is the hundreds digit of 17542?
5
What is the tens digit of 233?
3
What is the thousands digit of 39641?
9
What is the tens digit of 2178?
7
What is the hundreds digit of 1338?
3
What is the hundreds digit of 469?
4
What is the ten thousands digit of 114655?
1
What is the tens digit of 1009?
0
What is the tens digit of 37672?
7
What is the hundreds digit of 687?
6
What is the ten thousands digit of 18479?
1
What is the units digit of 297?
7
What is the tens digit of 1526?
2
What is the ten thousands digit of 49256?
4
What is the ten thousands digit of 115913?
1
What is the hundreds digit of 845?
8
What is the hundreds digit of 4294?
2
What is the units digit of 1158?
8
What is the tens digit of 4096?
9
What is the units digit of 66808?
8
What is the hundreds digit of 5244?
2
What is the ten thousands digit of 17358?
1
What is the tens digit of 109572?
7
What is the hundreds digit of 24234?
2
What is the tens digit of 48067?
6
What is the tens digit of 45036?
3
What is the units digit of 477?
7
What is the hundreds digit of 7876?
8
What is the tens digit of 2231?
3
What is the tens digit of 9272?
7
What is the thousands digit of 5891?
5
What is the units digit of 13329?
9
What is the tens digit of 46224?
2
What is the hundreds digit of 6083?
0
What is the units digit of 535?
5
What is the hundreds digit of 5475?
4
What is the tens digit of 800?
0
What is the hundreds digit of 977?
9
What is the hundreds digit of 796?
7
What is the units digit of 349?
9
What is the hundreds digit of 8175?
1
What is the tens digit of 86076?
7
What is the ten thousands digit of 11367?
1
What is the tens digit of 51248?
4
What is the thousands digit of 1329?
1
What is the tens digit of 12932?
3
What is the thousands digit of 1342?
1
What is the units digit of 57857?
7
What is the tens digit of 434?
3
What is the tens digit of 252?
5
What is the units digit of 450?
0
What is the hundreds digit of 267?
2
What is the ten thousands digit of 52080?
5
What is the hundreds digit of 16288?
2
What is the units digit of 1834?
4
What is the hundreds digit of 116989?
9
What is the thousands digit of 17700?
7
What is the units digit of 58242?
2
What is the hundreds digit of 394?
3
What is the hundreds digit of 2806?
8
What is the units digit of 198?
8
What is the hundreds digit of 34475?
4
What is the thousands digit of 118589?
8
What is the tens digit of 110?
1
What is the tens digit of 3229?
2
What is the tens digit of 1060?
6
What is the thousands digit of 1378?
1
What is the tens digit of 1533?
3
What is the tens digit of 559?
5
What is the tens digit of 1060?
6
What is the ten thousands digit of 43497?
4
What is the tens digit of 1177?
7
What is the hundreds digit of 14204?
2
What is the tens digit of 631?
3
What is the units digit of 1382?
2
What is the thousands digit of 30888?
0
What is the tens digit of 681?
8
What is the units digit of 44108?
8
What is the units digit of 2610?
0
What is the units digit of 878?
8
What is the hundreds digit of 1369?
3
What is the units digit of 704?
4
What is the hundreds digit of 8652?
6
What is the tens digit of 2055?
5
What is the thousands digit of 1695?
1
What is the units digit of 11388?
8
What is the hundreds digit of 1386?
3
What is the tens digit of 644?
4
What is the tens digit of 822?
2
What is the ten thousands digit of 36246?
3
What is the thousands digit of 4242?
4
What is the units digit of 24948?
8
What is the ten thousands digit of 55473?
5
What is the hundreds digit of 259?
2
What is the hundreds digit of 57520?
5
What is the thousands digit of 10760?
0
What is the thousands digit of 3585?
3
What is the hundreds digit of 33180?
1
What is the units digit of 1108?
8
What is the units digit of 5444?
4
What is the hundreds digit of 2674?
6
What is the hundreds digit of 627?
6
What is the tens digit of 7758?
5
What is the tens digit of 14835?
3
What is the hundreds digit of 1157?
1
What is the tens digit of 27836?
3
What is the thousands digit of 5769?
5
What is the thousands digit of 2261?
2
What is the thousands digit of 4234?
4
What is the hundreds digit of 100424?
4
What is the thousands digit of 46805?
6
What is the thousands digit of 2684?
2
What is the tens digit of 15249?
4
What is the ten thousands digit of 29144?
2
What is the units digit of 31733?
3
What is the thousands digit of 5285?
5
What is the thousands digit of 2139?
2
What is the hundreds digit of 57654?
6
What is the thousands digit of 1275?
1
What is the tens digit of 6072?
7
What is the tens digit of 198?
9
What is the ten thousands digit of 10591?
1
What is the units digit of 1926?
6
What is the hundreds digit of 435?
4
What is the tens digit of 14105?
0
What is the thousands digit of 3157?
3
What is the thousands digit of 22712?
2
What is the tens digit of 750?
5
What is the thousands digit of 3948?
3
What is the tens digit of 819?
1
What is the tens digit of 1043?
4
What is the ten thousands digit of 24677?
2
What is the tens digit of 290?
9
What is the hundreds digit of 14854?
8
What is the hundreds digit of 1391?
3
What is the thousands digit of 4796?
4
What is the units digit of 1249?
9
What is the hundreds digit of 2646?
6
What is the ten thousands digit of 15583?
1
What is the thousands digit of 98477?
8
What is the thousands digit of 70455?
0
What is the thousands digit of 1920?
1
What is the units digit of 575?
5
What is the tens digit of 12877?
7
What is the tens digit of 11524?
2
What is the tens digit of 1852?
5
What is the tens digit of 3492?
9
What is the hundreds digit of 37005?
0
What is the tens digit of 33258?
5
What is the thousands digit of 4679?
4
What is the hundreds digit of 977?
9
What is the ten thousands digit of 45800?
4
What is the units digit of 13118?
8
What is the units digit of 3631?
1
What is the units digit of 102943?
3
What is the thousands digit of 4869?
4
What is the tens digit of 2608?
0
What is the hundreds digit of 9151?
1
What is the hundreds digit of 7895?
8
What is the hundreds digit of 8651?
6
What is the ten thousands digit of 35124?
3
What is the ten thousands digit of 38708?
3
What is the tens digit of 3944?
4
What is the tens digit of 228?
2
What is the ten thousands digit of 11546?
1
What is the thousands digit of 2926?
2
What is the ten thousands digit of 17163?
1
What is the tens digit of 79?
7
What is the tens digit of 412?
1
What is the thousands digit of 6774?
6
What is the tens digit of 45676?
7
What is the hundreds digit of 9370?
3
What is the hundreds digit of 717?
7
What is the units digit of 3113?
3
What is the tens digit of 27008?
0
What is the units digit of 26499?
9
What is the thousands digit of 26804?
6
What is the tens digit of 594?
9
What is the tens digit of 558?
5
What is the hundreds digit of 3392?
3
What is the tens digit of 445?
4
What is the units digit of 8603?
3
What is the tens digit of 470?
7
What is the thousands digit of 2828?
2
What is the thousands digit of 5340?
5
What is the tens digit of 16681?
8
What is the hundred thousands digit of 154125?
1
What is the tens digit of 373?
7
What is the hundreds digit of 32187?
1
What is the tens digit of 975?
7
What is the tens digit of 18374?
7
What is the units digit of 366?
6
What is t